rime number?
True
Let h be ((-2)/(-8))/((-3)/13956). Let p = h + 2634. Is p a prime number?
True
Let a be (18/(-5))/(-1 - 49/(-70)). Suppose v = -3*v + a. Suppose 0 = v*u - 2*r - 1053, -r - 3 = -2*r. Is u prime?
True
Let f(r) = 7*r**3 + 50*r**2 - 359*r + 31. Is f(9) a composite number?
False
Let w be 1 + -2 + 5*6/15. Is ((-25)/(-50))/(w/(-2)) - -2768 prime?
True
Suppose -54*r + 445434 = 48*r. Is r composite?
True
Let b(k) be the third derivative of -37*k**6/40 - k**5/20 + 11*k**4/24 + k**3 - 3*k**2 - 21*k. Is b(-5) prime?
True
Let l(f) = 5*f - 20. Suppose 2*z + 54 = 4*v, 2*v - 4*z - 3 = v. Is l(v) prime?
False
Let i = 47 + -46. Let a be 0 - (2 - 0 - 41714/i). Is a/55 + (-6)/15 prime?
False
Is 41/(79/(-1027) - 352/(-4238)) composite?
True
Let t = 77778 + -12047. Is t a prime number?
True
Let h(s) = 513*s**3 - 12*s**2 + 27*s - 85. Is h(9) composite?
True
Let k be (0/(-2 - -2 - 2))/(-2). Suppose k = 5*m - 3373 - 2797. Let s = 2553 - m. Is s a prime number?
True
Let l(p) = -p**2 - 23*p + 8. Let j(g) = 6*g**2 + 116*g - 39. Let f(k) = -2*j(k) - 11*l(k). Let w be f(20). Suppose w*r - 14*r + 596 = 0. Is r composite?
False
Is -4 + 284623 + -4 + 8 prime?
True
Let b = 477 + -474. Is b - (-1 + 3) - -11862 a prime number?
True
Let n = 173106 - 54763. Is n a composite number?
False
Let l(n) = 2*n**3 - 5*n**2 + 9*n + 26. Let b be l(15). Is b/3 - 40/144*6 a prime number?
False
Let n(z) = z**2 + 10*z + 29. Let k be n(14). Suppose k*s + 17095 = 370*s. Is s prime?
False
Let a = -11 + 9. Let n be (2/6*a)/((-4)/9294). Let m = -378 + n. Is m prime?
True
Suppose 0 = 4*y + 3*f + 2*f + 1168, 3*y + 876 = 2*f. Let c = y + 503. Is c a composite number?
False
Is 126884 + ((-150)/(-40))/(6/8) prime?
False
Suppose 4*w = 3*w, 190596 = 2*t - 3*w. Suppose -t = 3*k + 4*k. Is (-3)/5 + k/(-15) prime?
True
Is 290048682/594 - ((-1)/((-36)/(-128)) - -4) composite?
True
Let u(h) = h**3 - 7*h**2 + 4*h + 18. Let v be u(6). Suppose 0 = -v*z - 0*z + 33114. Is z prime?
True
Let s(x) = x**3 - 19*x**2 + 18*x. Let w be s(18). Let l be w*(-3)/(-6)*3/3. Suppose -5*p + 2*h = -5811, 4*p + 7*h - 4*h - 4658 = l. Is p a composite number?
False
Let t be -3 + 4 + (1 - 0)*-1056. Let v = t + 689. Let f = v - -664. Is f a prime number?
False
Let f = -2179 + 3300. Is f a prime number?
False
Suppose 5*p + 150915 = -5*i, -4*p = -5*i - 30736 - 120152. Let u = -10277 - i. Is u a composite number?
True
Suppose 59*w - 264717 = 50*w. Is w composite?
True
Is 143208 + 0 + ((-30)/(-5) - -4) + -7 a prime number?
False
Let j(n) = -202*n + 2. Let f be j(-3). Let c = f - -77. Is c composite?
True
Suppose -48*s + 224535 + 564489 = 0. Is s a composite number?
True
Suppose -67*m - 3*d + 679450 = -62*m, 3*m = 5*d + 407636. Is m composite?
False
Suppose -4*r = -a + 3347, -30*a + 29*a - 3*r = -3361. Suppose 4*z = 2737 + a. Is z prime?
True
Let z(i) = 172*i - 5 + 0 - 7. Let y be z(2). Suppose n - 687 - y = 0. Is n a composite number?
False
Let r(o) = -276*o - 11. Suppose -38 = 5*l - 3*n, 26 = -11*l + 7*l - 2*n. Is r(l) prime?
False
Suppose -r + 4*f - 18 = r, 2*f - 10 = 0. Let k(o) = 11*o + 366. Let i be k(-48). Let s = r - i. Is s prime?
True
Let i(f) = 147*f**2 + 0*f - 5*f + 3*f + 16*f - 29. Is i(2) composite?
False
Let v(s) = 21829*s + 2315. Is v(12) prime?
True
Let l(y) = -475*y + 924. Is l(-43) a prime number?
False
Let b = 12 + -12. Suppose 7*r - 14 = -b*r. Let a(q) = 114*q**3 - 2*q**2 + 3*q - 3. Is a(r) a prime number?
True
Let w be (0 + (-4 - -3))*(-7 + 6). Let z(f) = 418*f**3 + f. Is z(w) a prime number?
True
Let u(g) be the third derivative of 217*g**4/12 + 43*g**3/6 - 17*g**2. Is u(6) a composite number?
False
Suppose 20*g - 16*g = 8. Let j(u) = -u + 4*u**3 + 0 - 2 - 2*u**g - 2*u + 0. Is j(3) composite?
False
Suppose -5 = r - 0. Let m(i) = 2*i + 15. Let g be m(r). Suppose g*w = 1599 + 631. Is w composite?
True
Let l = -11958 + 16814. Suppose l - 106771 = -55*g. Is g composite?
True
Suppose 0 = 289*o - 721671928 + 49528155. Is o a prime number?
False
Let a = -1170802 + 1875833. Is a a composite number?
False
Suppose -3*j = -2*k + 53 - 8, -j = -3*k + 64. Suppose 26*p - k*p - 5045 = 0. Is p a composite number?
False
Let b = 269775 - 133762. Is b a composite number?
False
Let v(o) be the third derivative of 7*o**6/60 + o**5/30 - o**4/6 - o**3/6 + 9*o**2. Let n be v(5). Suppose -1530 = -3*w + n. Is w a composite number?
False
Let u(k) = k**3 + 8*k**2 + 6*k + 2. Let c be (28/16)/((-6)/24). Let r be u(c). Suppose -14*a = -r*a - 2705. Is a a composite number?
False
Let d(f) = f**3 + 10*f**2 - f - 12. Let g be d(-10). Let j be 6/3 + g + 494. Suppose -3 = z - 4, h = -z + j. Is h a composite number?
True
Let o(f) = 29*f**2 - 3*f + 2. Let a be o(-3). Let j be a/9 + (-12)/54. Is 9215/j + 3/(-18) composite?
False
Suppose 4*d = 3*d - 3*w - 10, -4*d - 3*w - 49 = 0. Let o(c) = c**2 + 13*c - 6. Let b be o(d). Is ((-4)/b)/((-22)/(-7359)) prime?
True
Is 6/(-63)*6 + (-232257)/(-7) a prime number?
True
Let u = 82 + -71. Suppose -3*x = -2*c - 35, 16 = 2*x - 5*c - u. Let w(h) = 219*h - 16. Is w(x) a prime number?
True
Let a(z) = -z**3 - 7*z**2 + 8*z - 2. Let y = 16 - 24. Let w be a(y). Is (44/(-6))/(w/159*1) prime?
False
Is 611724/1 + 0 - -25 a prime number?
False
Suppose -2*n + 4006*q = 4007*q - 479345, -n - q + 239674 = 0. Is n a composite number?
False
Is (11426/1182)/((-2)/(-87972)*2) composite?
True
Suppose -c - 2 = -1. Suppose -14*k - 38 = -66. Is (1796/16)/(c/(-40)*k) a composite number?
True
Suppose 11*m + 5 = 10*m. Let c(i) = -439*i - 118. Is c(m) prime?
False
Is (-845556)/(-19) + (-75)/(-1425) prime?
False
Let v(z) = 35*z**2 + 11*z + 61. Let o be v(-6). Suppose -5*f - o = -10*f. Is f a composite number?
False
Let d(p) = -9029*p**3 + p**2 - 41*p - 42. Is d(-1) a composite number?
False
Is -9 + 2756929 + (16 - 7) a composite number?
True
Let f(x) = -18993*x - 638. Is f(-3) a composite number?
True
Let z(s) be the first derivative of 2*s + 3/2*s**2 + 16*s**3 + 9. Is z(-1) a composite number?
False
Is (-9 - -4) + (-4)/2 + 1122 composite?
True
Let z be -3 + 7 + (4 - 4). Suppose -z*r - 2*g = -5792, 0 = 4*g + 8. Suppose -2*s + r = -121. Is s composite?
True
Let t be (-136)/(-72) - ((-2)/1)/18. Is (14 - 5)/(t/752) - -2 a composite number?
True
Let s(i) = 26*i**2 - 32*i + 7. Let l be (1944/(-9))/(-12) - (-3 + 1). Is s(l) a prime number?
True
Suppose f + 7076 = 3*b + 32436, 3*b - 2*f + 25355 = 0. Let s = -3366 - b. Is s prime?
False
Let h = 3 + -4. Let p(v) = 9*v - 14 + 30 + 1556*v**2 - 8. Is p(h) a prime number?
False
Suppose -29*y + 22*y = 0. Suppose -4*h + 6*v = 4*v - 4868, y = -h - 2*v + 1217. Is h a composite number?
False
Let a(n) = 2*n**2 + 7*n + 8. Let r be a(-3). Suppose -3*u = 5*s - 5232, 3*s + 2068 = r*s - 5*u. Let b = -635 + s. Is b a prime number?
True
Let z(x) = -293 + 244 + 1006*x + 228. Is z(18) a prime number?
True
Let b(u) = 83 + 2332*u**2 - 52 + 13*u - 43. Is b(1) a prime number?
True
Suppose 3*c + 15 = 0, -56*c - 1510 = -5*t - 57*c. Is t a composite number?
True
Suppose 14*y - 19*y = 20. Let s be (14/y)/(3/(-2) + 1). Suppose 923 = s*o - 890. Is o a prime number?
False
Let h(s) = 101*s**3 + 12*s**2 + 51*s + 17. Let k be h(-12). Let l = -119712 - k. Is l a prime number?
False
Suppose 3*c + 2*v = 157695, 4*v = -5*c + 147372 + 115453. Is c composite?
True
Suppose 356538 - 25006 = 4*b. Is b prime?
True
Is -13 - -8 - (-615)/(-30)*60*-73 prime?
False
Let u(h) = -733*h - 12. Let w(q) = q**2 + 10*q - 21. Let x be w(-12). Let t be -1 - (-1 + x)/((-14)/(-7)). Is u(t) composite?
True
Suppose -2*v - 1 + 3 = 0, -2827 = -3*y + 2*v. Suppose 5*w = 12007 + y. Suppose 0 = -10*n + 520 + w. Is n composite?
False
Let r(m) be the first derivative of m**4/4 - m**3 - 4*m**2 - 5*m - 14. Let v be r(5). Suppose -4*h + 7985 = v*q, -q - 2*q - 5*h = -4778. Is q prime?
True
Let s(v) = 13*v**2 - 18. Let c = 717 + -722. Is s(c) composite?
False
Let j be -8 + -1*0/(-4). Let d = 16 - j. Let b = 67 - d. Is b a prime number?
True
Let l be (-9258)/(-12) - 2/4*1. Let p = 436 + l. Is p composite?
True
Let j be (-1 - (-5)/(-5)) + -51. Let f = j - -652. Let m = -246 + f. Is m composite?
False
Suppose -283*m = -11100358 - 16216783. Is m prime?
True
Suppose 0 = -15*j + 28975 + 48710. Let b = 4900 + j. Is b composite?
False
Let c = 791 + -786. Let p be 1 - (1